3*l - 6*l**2 + 3*l**2 + 0*l**3. What is the tens digit of x(p)?
1
Let q = 5 - 20. What is the tens digit of 20*(q/(-4))/5?
1
Let t = -3 + 4. Let u be t/2*-2 + 3. What is the units digit of u*-6*(-3)/12?
3
Let k = -318 - -566. What is the hundreds digit of k?
2
What is the units digit of (1 + 0)*(95 - 6)?
9
Let p = 0 - 0. Let q = p - 1. Let t(c) = c**2 - c - 1. What is the units digit of t(q)?
1
Let r(a) = 2*a + 7. What is the tens digit of r(8)?
2
Let l be 6/((-2)/(-36) + 0). Suppose 4*k - 6*j + 2*j = 108, 0 = -4*k - 5*j + l. What is the units digit of k?
7
Let r be -1 + (-3)/(-3) + 3. Suppose -3 = -3*b - r*o, -b + 2*b = -3*o - 3. What is the units digit of b?
3
What is the tens digit of (-1358)/(-21) - (-2)/(-3)?
6
Suppose 2*x - 14 = 4*x. Let c = x - -11. What is the units digit of c?
4
Suppose 3*z + 298 = 5*w, 170 = 3*w - z - 3*z. What is the tens digit of w?
6
Let p(a) be the second derivative of a**5/20 + a**4/3 - a**3/3 - a**2/2 + 2*a. What is the tens digit of p(-2)?
1
Let b = -56 + 81. Let x = 11 + b. Suppose -x = -3*d - 3*j, 3*d = 2*j - 2 + 18. What is the units digit of d?
8
Let y(d) = -7*d - 42. What is the units digit of y(-11)?
5
Let m be (0 + 2 + 1)*1. Suppose 0 = -w - 2*b - m*b - 1, -5*b - 145 = -5*w. What is the tens digit of w?
2
Suppose -5*d = -2*m + 10, 2*m = 6*d - 4*d + 10. Let i be (-15)/6*2/(-5). Let x = d + i. What is the units digit of x?
1
Let d be (0 + 2 + -2)/(-1). Suppose 3*s - 3*i + d*i = -15, -5*s + 5 = i. Suppose -2*r - 2*c + 26 = s, -12 = -5*r + r + 4*c. What is the units digit of r?
8
Let g = 4 - 1. Suppose -g*t - 3*m + 20 = m, m = -t + 6. Suppose -4*u + 4*k + 24 = 0, 3*k = t*u + u - 36. What is the units digit of u?
9
Let d = -3 - 7. What is the units digit of (-10)/25 + (-54)/d?
5
Let a = 66 - 70. Let n(r) = 2*r + 1. Let b(q) = 6*q + 3. Let w(s) = -6*b(s) + 17*n(s). What is the units digit of w(a)?
7
What is the units digit of 0 - 3/(-6) - 956/(-8)?
0
Let v be (1/3)/(2/24). Let h(k) = 3*k - 2. What is the units digit of h(v)?
0
Suppose 5*m = -3*c + 199, 7 = -4*m + 3. What is the tens digit of c?
6
Let i be ((-4)/(-3))/(4/24). Let y(p) = -5*p + p**2 + 0*p**3 - p**3 - 6 + 8*p**2. What is the units digit of y(i)?
8
Let k be 3/2*24/(-9). Let m = 4 + k. Let c = m - -7. What is the units digit of c?
7
Let u(q) = -q**2 + q + 15. Suppose 2*k + 2*v = -4, -2*v - 5 + 1 = 0. What is the tens digit of u(k)?
1
Suppose 3*d - 2*d = 0. Let s = d - -3. What is the units digit of s?
3
What is the tens digit of ((-2)/2)/((-4)/100)?
2
Suppose 4*i - 619 = u, u = -4*i + 4*u + 625. What is the hundreds digit of i?
1
Let x be 28/(-7)*3/(-4). Let t(k) = 2*k**2 - 4*k. What is the units digit of t(x)?
6
Suppose 8 = -0*j - 2*j. What is the tens digit of j/(-2) + 19 + 3?
2
Suppose 2468 = 15*m - 322. What is the units digit of m?
6
What is the tens digit of (4 + -2)/(4/94)?
4
Let j(h) = -12*h - 11. What is the tens digit of j(-6)?
6
Let p(a) = -3*a - 1. Let h(n) = -4*n - 1. Let k(s) = 4*h(s) - 5*p(s). Let z be k(-1). Suppose 3*t - 5 = 2*q, -q = -3*q - z. What is the units digit of t?
1
Let x be (2 + -5)/((-3)/5). Suppose -4*b = b + 20, 3*l = -x*b - 2. What is the units digit of l?
6
Let x(h) = 4*h - 2. Let j be x(1). Suppose 96 = j*p + 2*p. What is the tens digit of p?
2
Let d(s) = -2*s + 24. What is the units digit of d(-19)?
2
Suppose 0 = 2*x - 6*x + 492. What is the tens digit of x?
2
Let z = -124 - -307. What is the units digit of z?
3
Let y(l) = l**2 - 6*l - 8. Let w be y(6). Let b = w - -15. What is the units digit of b?
7
Let v = 51 - 27. Suppose -5*q - v = -3*q. What is the units digit of ((-5)/(-10))/((-1)/q)?
6
What is the tens digit of (72/(-2))/((-3)/4)?
4
What is the units digit of 12/10*280/12?
8
Suppose -3*h + c - 255 = -4*h, -12 = -3*c. What is the tens digit of h?
5
Suppose -7*i - 2 = -8*i. Suppose -z = 0, i*h = 7*h - 3*z + 30. What is the units digit of ((-48)/(-40))/(h/(-40))?
8
Let y = -7 + 7. Suppose -4*r + 8 = -y. Suppose 35 - 7 = r*x. What is the tens digit of x?
1
Suppose -5*k - 4*h + 105 = 0, 0 = -2*h - 10. What is the units digit of k?
5
Suppose 0 = -r - 5*a + 56, 3*r + 3*a - 216 = 4*a. What is the units digit of r?
1
Let x = -12 + 17. Suppose -14 = -x*r + 11. Suppose 2*k - 6 = -w + 4, 16 = -2*w + r*k. What is the units digit of w?
2
Suppose b + b = -8. Let v = b - -6. What is the units digit of v?
2
Let c be (-2 + 14/6)*18. Let a(v) = -v**3 - v + 13. Let n be a(0). Let u = n - c. What is the units digit of u?
7
Suppose 575 = 23*l - 18*l. What is the units digit of l?
5
Let y = 0 + 3. Suppose -y*h = 15, 0 = 3*z + 3*h - h - 23. Let m = z - 5. What is the units digit of m?
6
Let g = 594 + -413. What is the tens digit of g?
8
Suppose 5*f + 2*p = 114, 3*f + 2*p - 57 = -3*p. Suppose 16 = i + 3*q, -4*q = -5*i + 180 - f. What is the units digit of i?
8
Let v(h) = 3*h**2 - h**2 + 2 + 2*h**2 - 2*h**2. What is the units digit of v(2)?
0
Let n be -3 + (6 + -3 - -1). Let x be 2*3/(n + -4). What is the units digit of 0 + x + 8/2?
2
Suppose -4 = a + 2. Let f(p) = p**3 + 5*p**2 - 10*p - 8. What is the units digit of f(a)?
6
Let k(j) = -100*j**3 - 3*j**2 + j + 3. What is the units digit of k(-1)?
9
Suppose -25 = -0*j + 5*j, -j + 7 = 4*h. Suppose h*n + 0*n = 0. Suppose 55 = 5*z + i - 3*i, n = -z - 4*i - 11. What is the units digit of z?
9
What is the hundreds digit of 359 + 6/(-15)*(-4 + -1)?
3
What is the tens digit of (-6)/(-30) - 438/(-10)?
4
Let x be (1 + 0 + 0)*1. Suppose b = x + 3. What is the units digit of 4/(-8) - (-34)/b?
8
Let u be 16/(-6)*6/4. Let v be u/3*(-30)/(-4). What is the units digit of (-8)/(-20) - 46/v?
5
What is the units digit of (8/10)/((-16)/(-40))?
2
What is the units digit of (-4 + (-7)/(-2))*-102?
1
Let p be (5 + -3 - 0) + 6. Let b = p + -4. Let d = b - 1. What is the units digit of d?
3
Suppose 1 + 1 = v. Suppose o - v - 2 = 0. Suppose -o*x - 4*p = -24, 3*x - 2*p - 20 = -2. What is the units digit of x?
6
Suppose -5*u + 2*d = 3*d - 46, 0 = -u + 3*d + 6. What is the units digit of u?
9
Let r(z) = -z**2 - 4*z + 4. Let n be r(-4). Suppose 6*c - 8*c = 0. Suppose -n*y + 0*y + 32 = c. What is the units digit of y?
8
Let c be 6/(-4) + 2/4. What is the units digit of ((-3)/c - -2)*1?
5
Suppose 0 = 4*c + 12, -h + c + 38 = 4*h. What is the units digit of h?
7
Let n(l) = 0*l + 11*l + 10 - l + l**2. What is the units digit of n(-9)?
1
Let f = 281 - 112. What is the tens digit of f?
6
Let p be ((-105)/(-30))/(1/2). Let c(z) = 5*z - 2*z - z - 5. What is the units digit of c(p)?
9
Let z(t) = t**3 - 5*t**2 + 1. Let c be z(5). What is the tens digit of 3/(((-6)/(-50))/c)?
2
Suppose 0 = 5*v - 268 + 18. Suppose -4*o = -9*o - v. Let i = 16 + o. What is the units digit of i?
6
Suppose 5*c = -2*s - 25, -4*s + 3*c = -2*c - 25. Suppose s = -4*v - 20, -2*w = 3*v + 32 + 5. Let i = -5 - w. What is the units digit of i?
6
Suppose -18*f = 3*f - 6741. What is the tens digit of f?
2
Let t(r) = -4*r - 3. Let k(b) = b - 6. Let i be k(8). Suppose -p = -5*z + 9, -2*p - i*z = -0*p + 6. What is the units digit of t(p)?
3
Let g(n) = n**2. Let j(o) = -5*o - 2. Let d(x) = g(x) - j(x). What is the tens digit of d(-7)?
1
Suppose 4*m - 95 = -4*o - m, 0 = -o - 3*m + 22. Let c = -27 - -16. Let d = c + o. What is the units digit of d?
4
Let l = 113 + -52. What is the units digit of l?
1
Suppose 7 - 25 = -3*v. Let j(h) be the second derivative of h**5/20 - 7*h**4/12 + 7*h**3/6 - 2*h**2 + h. What is the units digit of j(v)?
2
Suppose -4*k + 20 - 8 = 0. Suppose 5*t = -2*q - 3*q + 255, -141 = -k*t + q. What is the units digit of t?
8
Let r = 212 - 102. What is the tens digit of r?
1
Let l be -3*(2 + -2 + -1). Suppose 16 = 4*f, 0 = -l*m - 3*f - 2*f + 68. What is the units digit of m?
6
Suppose 5*w - 229 - 166 = 0. What is the units digit of w?
9
Let k = -5 + 7. Suppose -4*q = -k*z + 6*z, -4*q - 5*z - 5 = 0. What is the units digit of q?
5
Let f(o) = o**2 - 4*o + 3. Let g be f(2). Let l be g*(2 + -5 + 2). Let a = 2 - l. What is the units digit of a?
1
Let m(h) = h**3 + 8*h**2 + 7*h + 4. Let j be m(-7). What is the units digit of 1 - 2*(-14)/j?
8
Let b(i) = i**3 - 3*i - 2. Let v be b(-2). Let w(z) = -2*z + 4. Let c be w(5). Let t = v - c. What is the units digit of t?
2
Let u(c) = -3*c**3 + 2*c - 3. Let b be u(2). Let o = -13 - b. What is the tens d